{"id":1790,"date":"2022-12-10T20:41:13","date_gmt":"2022-12-10T19:41:13","guid":{"rendered":"https:\/\/www.beatrizpascual.com\/?post_type=product&#038;p=1790"},"modified":"2023-11-30T10:43:32","modified_gmt":"2023-11-30T09:43:32","slug":"silene-floral-cosmetic-bag","status":"publish","type":"product","link":"https:\/\/www.beatrizpascual.com\/en\/producto\/neceser-floral-silene\/","title":{"rendered":"Silene Floral Toilet Bag"},"content":{"rendered":"<p>This small vanity case <strong>floral Silene<\/strong>\u00a0is an accessory created to carry your essentials everywhere you go: makeup, toiletries or any item you need to take with you.<\/p>\n<p>You can find these small cases with multiple names such as vanity cases, pouches or toiletry bag among others, but the use for them is always the same: to make your life easier.<\/p>\n<p>Toilet bag <strong>floral Silene<\/strong> will offer you great versatility and with its exclusive design, it will add a different point of style to your main bag.<\/p>\n<p>&nbsp;<\/p>\n<p><strong>Size and characteristics of the product:<\/strong><\/p>\n<p>Printing is on both sides.<\/p>\n<p>21 cm Length x 15 cm Height x 4 cm Width<\/p>\n<p>We use 100% cotton fabric to create this product. Cotton is a very soft and natural material.<\/p>\n<p>You can wash it in the washing machine at a maximum temperature of 30\u00ba.<\/p>\n<p>We use organic materials because we love to be sustainable and care for the environment.<\/p>\n<p>The vanity case includes a zipper.<\/p>\n<p>Designed and produced in limited units in local workshops in Spain.<\/p>","protected":false},"excerpt":{"rendered":"<p>This vanity case <strong>floral Silene<\/strong> is ideal for you to carry your essentials with you everywhere you go.<\/p>\n<p><b>Silene\u00a0<\/b>is a cheerful print with a display of blue flowers in a noucentista style.<\/p>\n<p>Enjoy this timeless design in this everyday accessory.<\/p>\n<p>&nbsp;<\/p>","protected":false},"featured_media":1792,"comment_status":"open","ping_status":"closed","template":"","meta":[],"product_brand":[],"product_cat":[63],"product_tag":[64,93,78],"class_list":["post-1790","product","type-product","status-publish","has-post-thumbnail","product_cat-neceseres","product_tag-bolsos-para-mujeres","product_tag-coleccion-silene","product_tag-neceseres","first","outofstock","taxable","shipping-taxable","purchasable","product-type-simple"],"yoast_head":"<!-- This site is optimized with the Yoast SEO plugin v28.3 - https:\/\/yoast.com\/product\/yoast-seo-wordpress\/ -->\n<title>Neceser Floral Silene - Beatriz Pascual Studio<\/title>\n<meta name=\"description\" content=\"Compra aqu\u00ed el neceser floral Silene, un accesorio ideal para llevar contigo tus imprescindibles. Con un dise\u00f1o atemporal floral, de estilo novecentista.\" \/>\n<meta name=\"robots\" content=\"index, follow, max-snippet:-1, max-image-preview:large, max-video-preview:-1\" \/>\n<link rel=\"canonical\" href=\"https:\/\/www.beatrizpascual.com\/en\/product\/silene-floral-cosmetic-bag\/\" \/>\n<meta property=\"og:locale\" content=\"en_US\" \/>\n<meta property=\"og:type\" content=\"article\" \/>\n<meta property=\"og:title\" content=\"Neceser Floral Silene - Beatriz Pascual Studio\" \/>\n<meta property=\"og:description\" content=\"Compra aqu\u00ed el neceser floral Silene, un accesorio ideal para llevar contigo tus imprescindibles. Con un dise\u00f1o atemporal floral, de estilo novecentista.\" \/>\n<meta property=\"og:url\" content=\"https:\/\/www.beatrizpascual.com\/en\/product\/silene-floral-cosmetic-bag\/\" \/>\n<meta property=\"og:site_name\" content=\"Beatriz Pascual Studio\" \/>\n<meta property=\"article:publisher\" content=\"https:\/\/www.facebook.com\/beatrizpascual.studio\/\" \/>\n<meta property=\"article:modified_time\" content=\"2023-11-30T09:43:32+00:00\" \/>\n<meta property=\"og:image\" content=\"https:\/\/www.beatrizpascual.com\/wp-content\/uploads\/2022\/12\/PB_SILENE_NECESER_1.jpg\" \/>\n\t<meta property=\"og:image:width\" content=\"1500\" \/>\n\t<meta property=\"og:image:height\" content=\"1500\" \/>\n\t<meta property=\"og:image:type\" content=\"image\/jpeg\" \/>\n<meta name=\"twitter:card\" content=\"summary_large_image\" \/>\n<meta name=\"twitter:label1\" content=\"Est. reading time\" \/>\n\t<meta name=\"twitter:data1\" content=\"1 minute\" \/>\n<script type=\"application\/ld+json\" class=\"yoast-schema-graph\">{\"@context\":\"https:\\\/\\\/schema.org\",\"@graph\":[{\"@type\":\"WebPage\",\"@id\":\"https:\\\/\\\/www.beatrizpascual.com\\\/producto\\\/neceser-floral-silene\\\/\",\"url\":\"https:\\\/\\\/www.beatrizpascual.com\\\/producto\\\/neceser-floral-silene\\\/\",\"name\":\"Neceser Floral Silene - Beatriz Pascual Studio\",\"isPartOf\":{\"@id\":\"https:\\\/\\\/www.beatrizpascual.com\\\/#website\"},\"primaryImageOfPage\":{\"@id\":\"https:\\\/\\\/www.beatrizpascual.com\\\/producto\\\/neceser-floral-silene\\\/#primaryimage\"},\"image\":{\"@id\":\"https:\\\/\\\/www.beatrizpascual.com\\\/producto\\\/neceser-floral-silene\\\/#primaryimage\"},\"thumbnailUrl\":\"https:\\\/\\\/www.beatrizpascual.com\\\/wp-content\\\/uploads\\\/2022\\\/12\\\/PB_SILENE_NECESER_1.jpg\",\"datePublished\":\"2022-12-10T19:41:13+00:00\",\"dateModified\":\"2023-11-30T09:43:32+00:00\",\"description\":\"Compra aqu\u00ed el neceser floral Silene, un accesorio ideal para llevar contigo tus imprescindibles. Con un dise\u00f1o atemporal floral, de estilo novecentista.\",\"breadcrumb\":{\"@id\":\"https:\\\/\\\/www.beatrizpascual.com\\\/producto\\\/neceser-floral-silene\\\/#breadcrumb\"},\"inLanguage\":\"en-US\",\"potentialAction\":[{\"@type\":\"ReadAction\",\"target\":[\"https:\\\/\\\/www.beatrizpascual.com\\\/producto\\\/neceser-floral-silene\\\/\"]}]},{\"@type\":\"ImageObject\",\"inLanguage\":\"en-US\",\"@id\":\"https:\\\/\\\/www.beatrizpascual.com\\\/producto\\\/neceser-floral-silene\\\/#primaryimage\",\"url\":\"https:\\\/\\\/www.beatrizpascual.com\\\/wp-content\\\/uploads\\\/2022\\\/12\\\/PB_SILENE_NECESER_1.jpg\",\"contentUrl\":\"https:\\\/\\\/www.beatrizpascual.com\\\/wp-content\\\/uploads\\\/2022\\\/12\\\/PB_SILENE_NECESER_1.jpg\",\"width\":1500,\"height\":1500,\"caption\":\"Neceser floral Silene Azul\"},{\"@type\":\"BreadcrumbList\",\"@id\":\"https:\\\/\\\/www.beatrizpascual.com\\\/producto\\\/neceser-floral-silene\\\/#breadcrumb\",\"itemListElement\":[{\"@type\":\"ListItem\",\"position\":1,\"name\":\"Inicio\",\"item\":\"https:\\\/\\\/www.beatrizpascual.com\\\/\"},{\"@type\":\"ListItem\",\"position\":2,\"name\":\"Tienda\",\"item\":\"https:\\\/\\\/www.beatrizpascual.com\\\/tienda\\\/\"},{\"@type\":\"ListItem\",\"position\":3,\"name\":\"Artesan\u00eda y Bienestar\",\"item\":\"https:\\\/\\\/www.beatrizpascual.com\\\/categoria-producto\\\/artesania-y-bienestar\\\/\"},{\"@type\":\"ListItem\",\"position\":4,\"name\":\"Neceseres\",\"item\":\"https:\\\/\\\/www.beatrizpascual.com\\\/categoria-producto\\\/artesania-y-bienestar\\\/neceseres\\\/\"},{\"@type\":\"ListItem\",\"position\":5,\"name\":\"Neceser Floral Silene\"}]},{\"@type\":\"WebSite\",\"@id\":\"https:\\\/\\\/www.beatrizpascual.com\\\/#website\",\"url\":\"https:\\\/\\\/www.beatrizpascual.com\\\/\",\"name\":\"Beatriz Pascual Studio\",\"description\":\"Estudio de dise\u00f1o especializado en estampados de repetici\u00f3n para moda y decoraci\u00f3n\",\"publisher\":{\"@id\":\"https:\\\/\\\/www.beatrizpascual.com\\\/#organization\"},\"alternateName\":\"Beatriz Pascual Studio\",\"potentialAction\":[{\"@type\":\"SearchAction\",\"target\":{\"@type\":\"EntryPoint\",\"urlTemplate\":\"https:\\\/\\\/www.beatrizpascual.com\\\/?s={search_term_string}\"},\"query-input\":{\"@type\":\"PropertyValueSpecification\",\"valueRequired\":true,\"valueName\":\"search_term_string\"}}],\"inLanguage\":\"en-US\"},{\"@type\":\"Organization\",\"@id\":\"https:\\\/\\\/www.beatrizpascual.com\\\/#organization\",\"name\":\"Beatriz Pascual Studio\",\"alternateName\":\"Beatriz Pascual Art\",\"url\":\"https:\\\/\\\/www.beatrizpascual.com\\\/\",\"logo\":{\"@type\":\"ImageObject\",\"inLanguage\":\"en-US\",\"@id\":\"https:\\\/\\\/www.beatrizpascual.com\\\/#\\\/schema\\\/logo\\\/image\\\/\",\"url\":\"\",\"contentUrl\":\"\",\"caption\":\"Beatriz Pascual Studio\"},\"image\":{\"@id\":\"https:\\\/\\\/www.beatrizpascual.com\\\/#\\\/schema\\\/logo\\\/image\\\/\"},\"sameAs\":[\"https:\\\/\\\/www.facebook.com\\\/beatrizpascual.studio\\\/\",\"https:\\\/\\\/www.instagram.com\\\/beatrizpascual.studio\\\/\",\"https:\\\/\\\/es.pinterest.com\\\/beatrizpascualstudio\\\/\",\"https:\\\/\\\/www.threads.com\\\/@beatrizpascual.studio\"]}]}<\/script>\n<!-- \/ Yoast SEO plugin. -->","yoast_head_json":{"title":"Silene Floral Toilet Bag - Beatriz Pascual Studio","description":"Buy here the Silene floral toiletry bag, an ideal accessory to carry your essentials. With a timeless floral design, noucentista style.","robots":{"index":"index","follow":"follow","max-snippet":"max-snippet:-1","max-image-preview":"max-image-preview:large","max-video-preview":"max-video-preview:-1"},"canonical":"https:\/\/www.beatrizpascual.com\/en\/product\/silene-floral-cosmetic-bag\/","og_locale":"en_US","og_type":"article","og_title":"Neceser Floral Silene - Beatriz Pascual Studio","og_description":"Compra aqu\u00ed el neceser floral Silene, un accesorio ideal para llevar contigo tus imprescindibles. Con un dise\u00f1o atemporal floral, de estilo novecentista.","og_url":"https:\/\/www.beatrizpascual.com\/en\/product\/silene-floral-cosmetic-bag\/","og_site_name":"Beatriz Pascual Studio","article_publisher":"https:\/\/www.facebook.com\/beatrizpascual.studio\/","article_modified_time":"2023-11-30T09:43:32+00:00","og_image":[{"width":1500,"height":1500,"url":"https:\/\/www.beatrizpascual.com\/wp-content\/uploads\/2022\/12\/PB_SILENE_NECESER_1.jpg","type":"image\/jpeg"}],"twitter_card":"summary_large_image","twitter_misc":{"Est. reading time":"1 minute"},"schema":{"@context":"https:\/\/schema.org","@graph":[{"@type":"WebPage","@id":"https:\/\/www.beatrizpascual.com\/producto\/neceser-floral-silene\/","url":"https:\/\/www.beatrizpascual.com\/producto\/neceser-floral-silene\/","name":"Silene Floral Toilet Bag - Beatriz Pascual Studio","isPartOf":{"@id":"https:\/\/www.beatrizpascual.com\/#website"},"primaryImageOfPage":{"@id":"https:\/\/www.beatrizpascual.com\/producto\/neceser-floral-silene\/#primaryimage"},"image":{"@id":"https:\/\/www.beatrizpascual.com\/producto\/neceser-floral-silene\/#primaryimage"},"thumbnailUrl":"https:\/\/www.beatrizpascual.com\/wp-content\/uploads\/2022\/12\/PB_SILENE_NECESER_1.jpg","datePublished":"2022-12-10T19:41:13+00:00","dateModified":"2023-11-30T09:43:32+00:00","description":"Buy here the Silene floral toiletry bag, an ideal accessory to carry your essentials. With a timeless floral design, noucentista style.","breadcrumb":{"@id":"https:\/\/www.beatrizpascual.com\/producto\/neceser-floral-silene\/#breadcrumb"},"inLanguage":"en-US","potentialAction":[{"@type":"ReadAction","target":["https:\/\/www.beatrizpascual.com\/producto\/neceser-floral-silene\/"]}]},{"@type":"ImageObject","inLanguage":"en-US","@id":"https:\/\/www.beatrizpascual.com\/producto\/neceser-floral-silene\/#primaryimage","url":"https:\/\/www.beatrizpascual.com\/wp-content\/uploads\/2022\/12\/PB_SILENE_NECESER_1.jpg","contentUrl":"https:\/\/www.beatrizpascual.com\/wp-content\/uploads\/2022\/12\/PB_SILENE_NECESER_1.jpg","width":1500,"height":1500,"caption":"Neceser floral Silene Azul"},{"@type":"BreadcrumbList","@id":"https:\/\/www.beatrizpascual.com\/producto\/neceser-floral-silene\/#breadcrumb","itemListElement":[{"@type":"ListItem","position":1,"name":"Inicio","item":"https:\/\/www.beatrizpascual.com\/"},{"@type":"ListItem","position":2,"name":"Tienda","item":"https:\/\/www.beatrizpascual.com\/tienda\/"},{"@type":"ListItem","position":3,"name":"Artesan\u00eda y Bienestar","item":"https:\/\/www.beatrizpascual.com\/categoria-producto\/artesania-y-bienestar\/"},{"@type":"ListItem","position":4,"name":"Neceseres","item":"https:\/\/www.beatrizpascual.com\/categoria-producto\/artesania-y-bienestar\/neceseres\/"},{"@type":"ListItem","position":5,"name":"Neceser Floral Silene"}]},{"@type":"WebSite","@id":"https:\/\/www.beatrizpascual.com\/#website","url":"https:\/\/www.beatrizpascual.com\/","name":"Beatriz Pascual Studio","description":"Design studio specialized in repeat patterns for fashion and decoration.","publisher":{"@id":"https:\/\/www.beatrizpascual.com\/#organization"},"alternateName":"Beatriz Pascual Studio","potentialAction":[{"@type":"SearchAction","target":{"@type":"EntryPoint","urlTemplate":"https:\/\/www.beatrizpascual.com\/?s={search_term_string}"},"query-input":{"@type":"PropertyValueSpecification","valueRequired":true,"valueName":"search_term_string"}}],"inLanguage":"en-US"},{"@type":"Organization","@id":"https:\/\/www.beatrizpascual.com\/#organization","name":"Beatriz Pascual Studio","alternateName":"Beatriz Pascual Art","url":"https:\/\/www.beatrizpascual.com\/","logo":{"@type":"ImageObject","inLanguage":"en-US","@id":"https:\/\/www.beatrizpascual.com\/#\/schema\/logo\/image\/","url":"","contentUrl":"","caption":"Beatriz Pascual Studio"},"image":{"@id":"https:\/\/www.beatrizpascual.com\/#\/schema\/logo\/image\/"},"sameAs":["https:\/\/www.facebook.com\/beatrizpascual.studio\/","https:\/\/www.instagram.com\/beatrizpascual.studio\/","https:\/\/es.pinterest.com\/beatrizpascualstudio\/","https:\/\/www.threads.com\/@beatrizpascual.studio"]}]}},"_links":{"self":[{"href":"https:\/\/www.beatrizpascual.com\/en\/wp-json\/wp\/v2\/product\/1790","targetHints":{"allow":["GET"]}}],"collection":[{"href":"https:\/\/www.beatrizpascual.com\/en\/wp-json\/wp\/v2\/product"}],"about":[{"href":"https:\/\/www.beatrizpascual.com\/en\/wp-json\/wp\/v2\/types\/product"}],"replies":[{"embeddable":true,"href":"https:\/\/www.beatrizpascual.com\/en\/wp-json\/wp\/v2\/comments?post=1790"}],"wp:featuredmedia":[{"embeddable":true,"href":"https:\/\/www.beatrizpascual.com\/en\/wp-json\/wp\/v2\/media\/1792"}],"wp:attachment":[{"href":"https:\/\/www.beatrizpascual.com\/en\/wp-json\/wp\/v2\/media?parent=1790"}],"wp:term":[{"taxonomy":"product_brand","embeddable":true,"href":"https:\/\/www.beatrizpascual.com\/en\/wp-json\/wp\/v2\/product_brand?post=1790"},{"taxonomy":"product_cat","embeddable":true,"href":"https:\/\/www.beatrizpascual.com\/en\/wp-json\/wp\/v2\/product_cat?post=1790"},{"taxonomy":"product_tag","embeddable":true,"href":"https:\/\/www.beatrizpascual.com\/en\/wp-json\/wp\/v2\/product_tag?post=1790"}],"curies":[{"name":"wp","href":"https:\/\/api.w.org\/{rel}","templated":true}]}}

<p>This small vanity case <strong>floral Silene</strong> is an accessory created to carry your essentials everywhere you go: makeup, toiletries or any item you need to take with you.</p>
<p>You can find these small cases with multiple names such as vanity cases, pouches or toiletry bag among others, but the use for them is always the same: to make your life easier.</p>
<p>Toilet bag <strong>floral Silene</strong> will offer you great versatility and with its exclusive design, it will add a different point of style to your main bag.</p>
<p>&nbsp;</p>
<p><strong>Size and characteristics of the product:</strong></p>
<p>Printing is on both sides.</p>
<p>21 cm Length x 15 cm Height x 4 cm Width</p>
<p>We use 100% cotton fabric to create this product. Cotton is a very soft and natural material.</p>
<p>You can wash it in the washing machine at a maximum temperature of 30º.</p>
<p>We use organic materials because we love to be sustainable and care for the environment.</p>
<p>The vanity case includes a zipper.</p>
<p>Designed and produced in limited units in local workshops in Spain.</p>

<!-- This site is optimized with the Yoast SEO plugin v28.3 - https://yoast.com/product/yoast-seo-wordpress/ -->
<title>Neceser Floral Silene - Beatriz Pascual Studio</title>
<meta name="description" content="Compra aquí el neceser floral Silene, un accesorio ideal para llevar contigo tus imprescindibles. Con un diseño atemporal floral, de estilo novecentista." />
<meta name="robots" content="index, follow, max-snippet:-1, max-image-preview:large, max-video-preview:-1" />
<link rel="canonical" href="https://www.beatrizpascual.com/en/product/silene-floral-cosmetic-bag/" />
<meta property="og:locale" content="en_US" />
<meta property="og:type" content="article" />
<meta property="og:title" content="Neceser Floral Silene - Beatriz Pascual Studio" />
<meta property="og:description" content="Compra aquí el neceser floral Silene, un accesorio ideal para llevar contigo tus imprescindibles. Con un diseño atemporal floral, de estilo novecentista." />
<meta property="og:url" content="https://www.beatrizpascual.com/en/product/silene-floral-cosmetic-bag/" />
<meta property="og:site_name" content="Beatriz Pascual Studio" />
<meta property="article:publisher" content="https://www.facebook.com/beatrizpascual.studio/" />
<meta property="article:modified_time" content="2023-11-30T09:43:32+00:00" />
<meta property="og:image" content="https://www.beatrizpascual.com/wp-content/uploads/2022/12/PB_SILENE_NECESER_1.jpg" />
	<meta property="og:image:width" content="1500" />
	<meta property="og:image:height" content="1500" />
	<meta property="og:image:type" content="image/jpeg" />
<meta name="twitter:card" content="summary_large_image" />
<meta name="twitter:label1" content="Est. reading time" />
	<meta name="twitter:data1" content="1 minute" />
<script type="application/ld+json" class="yoast-schema-graph">{"@context":"https:\/\/schema.org","@graph":[{"@type":"WebPage","@id":"https:\/\/www.beatrizpascual.com\/producto\/neceser-floral-silene\/","url":"https:\/\/www.beatrizpascual.com\/producto\/neceser-floral-silene\/","name":"Neceser Floral Silene - Beatriz Pascual Studio","isPartOf":{"@id":"https:\/\/www.beatrizpascual.com\/#website"},"primaryImageOfPage":{"@id":"https:\/\/www.beatrizpascual.com\/producto\/neceser-floral-silene\/#primaryimage"},"image":{"@id":"https:\/\/www.beatrizpascual.com\/producto\/neceser-floral-silene\/#primaryimage"},"thumbnailUrl":"https:\/\/www.beatrizpascual.com\/wp-content\/uploads\/2022\/12\/PB_SILENE_NECESER_1.jpg","datePublished":"2022-12-10T19:41:13+00:00","dateModified":"2023-11-30T09:43:32+00:00","description":"Compra aquí el neceser floral Silene, un accesorio ideal para llevar contigo tus imprescindibles. Con un diseño atemporal floral, de estilo novecentista.","breadcrumb":{"@id":"https:\/\/www.beatrizpascual.com\/producto\/neceser-floral-silene\/#breadcrumb"},"inLanguage":"en-US","potentialAction":[{"@type":"ReadAction","target":["https:\/\/www.beatrizpascual.com\/producto\/neceser-floral-silene\/"]}]},{"@type":"ImageObject","inLanguage":"en-US","@id":"https:\/\/www.beatrizpascual.com\/producto\/neceser-floral-silene\/#primaryimage","url":"https:\/\/www.beatrizpascual.com\/wp-content\/uploads\/2022\/12\/PB_SILENE_NECESER_1.jpg","contentUrl":"https:\/\/www.beatrizpascual.com\/wp-content\/uploads\/2022\/12\/PB_SILENE_NECESER_1.jpg","width":1500,"height":1500,"caption":"Neceser floral Silene Azul"},{"@type":"BreadcrumbList","@id":"https:\/\/www.beatrizpascual.com\/producto\/neceser-floral-silene\/#breadcrumb","itemListElement":[{"@type":"ListItem","position":1,"name":"Inicio","item":"https:\/\/www.beatrizpascual.com\/"},{"@type":"ListItem","position":2,"name":"Tienda","item":"https:\/\/www.beatrizpascual.com\/tienda\/"},{"@type":"ListItem","position":3,"name":"Artesanía y Bienestar","item":"https:\/\/www.beatrizpascual.com\/categoria-producto\/artesania-y-bienestar\/"},{"@type":"ListItem","position":4,"name":"Neceseres","item":"https:\/\/www.beatrizpascual.com\/categoria-producto\/artesania-y-bienestar\/neceseres\/"},{"@type":"ListItem","position":5,"name":"Neceser Floral Silene"}]},{"@type":"WebSite","@id":"https:\/\/www.beatrizpascual.com\/#website","url":"https:\/\/www.beatrizpascual.com\/","name":"Beatriz Pascual Studio","description":"Estudio de diseño especializado en estampados de repetición para moda y decoración","publisher":{"@id":"https:\/\/www.beatrizpascual.com\/#organization"},"alternateName":"Beatriz Pascual Studio","potentialAction":[{"@type":"SearchAction","target":{"@type":"EntryPoint","urlTemplate":"https:\/\/www.beatrizpascual.com\/?s={search_term_string}"},"query-input":{"@type":"PropertyValueSpecification","valueRequired":true,"valueName":"search_term_string"}}],"inLanguage":"en-US"},{"@type":"Organization","@id":"https:\/\/www.beatrizpascual.com\/#organization","name":"Beatriz Pascual Studio","alternateName":"Beatriz Pascual Art","url":"https:\/\/www.beatrizpascual.com\/","logo":{"@type":"ImageObject","inLanguage":"en-US","@id":"https:\/\/www.beatrizpascual.com\/#\/schema\/logo\/image\/","url":"","contentUrl":"","caption":"Beatriz Pascual Studio"},"image":{"@id":"https:\/\/www.beatrizpascual.com\/#\/schema\/logo\/image\/"},"sameAs":["https:\/\/www.facebook.com\/beatrizpascual.studio\/","https:\/\/www.instagram.com\/beatrizpascual.studio\/","https:\/\/es.pinterest.com\/beatrizpascualstudio\/","https:\/\/www.threads.com\/@beatrizpascual.studio"]}]}</script>
<!-- / Yoast SEO plugin. -->

Compra aquí el neceser floral Silene, un accesorio ideal para llevar contigo tus imprescindibles. Con un diseño atemporal floral, de estilo novecentista.

Artesanía y Bienestar
